-3*l - u - 501, 0 = 4*l + 3*u + 495. Let t be l/4*(7 - 8 - 1). Let n = 2 - -5. What is the highest common divisor of n and t?
7
Suppose -2*i - 3*y + 5418 = 0, -138*i + 141*i = 3*y + 8082. Calculate the greatest common divisor of i and 6.
6
Let q = 575 - 567. Let y be 153/27 - (-4)/(-6). Suppose -21 + 301 = y*b. Calculate the highest common divisor of b and q.
8
Suppose -47*s - 12 = -53*s. Suppose p - 1404 = s*m, 0 = 4*p + 3*m + m - 5616. What is the greatest common factor of p and 52?
52
Suppose -77 - 103 = -6*i. Let m(x) = 2*x + 4. Let y be m(8). Let b be (-31 - 1)*(-25)/y. What is the highest common factor of b and i?
10
Let u be 177/(1928/1146 + 150/(-90)). Calculate the highest common factor of u and 573.
191
Let d(h) = 23*h**2 + 1464*h + 96. Let v be d(-64). What is the greatest common factor of 798 and v?
38
Suppose -4*r = -n - 142, 0 = 5*r + n - 185 + 3. Calculate the highest common factor of 396 and r.
36
Let g(t) = 187*t - 21. Let u be g(5). Suppose 12*s + u = 3446. Suppose 6*v - 221 - s = 0. What is the highest common factor of 9 and v?
9
Suppose 3*g = -7*i + 75, -9*i = 4*g - 4*i - 113. Suppose -6*r + r = -10. Calculate the highest common divisor of g and r.
2
Let c = -63 + 70. Suppose -13*i + c*i = -6. Let n be (1 + 21)/(20/12 - i). What is the greatest common factor of 11 and n?
11
Let y be 24079/242 - 1/2. Calculate the greatest common factor of 759 and y.
33
Let m(a) = 10*a + 9. Let l(z) = 30*z + 27. Let r(q) = -4*l(q) + 11*m(q). Let g be r(-3). Let y = g + 139. What is the greatest common divisor of 20 and y?
20
Suppose 38*o - 3176 = 125 - 565. Calculate the highest common divisor of 2148 and o.
12
Suppose -16*c + 2*c = 574. Let n be 1*(0 + -4 + c)*-1. Calculate the highest common divisor of 765 and n.
45
Let z be (2 - (6 - -1))*-3. Suppose -c - 8 = 3*g, 4*c + 32 = -g - 0*g. Let k be 43 - 3*c/12. Calculate the highest common divisor of k and z.
15
Suppose n = 54 - 9. Let o(f) = -25*f + 93. Let u be (-2)/(-6) + (-23)/(276/(-32)). Let z be o(u). Calculate the greatest common factor of z and n.
9
Let f be (-2 - -12)*(6/15)/(2/321). Calculate the greatest common factor of f and 4.
2
Suppose -g - 5 = -9. Suppose -g*s - 2 = -s - 4*n, -3*n + 5 = -4*s. Let y be -5*(2 + -5)/(s/(-6)). Calculate the greatest common factor of 30 and y.
15
Let s(n) = -81*n + 19. Let w be s(-8). Suppose -8225*u + 8245*u - 460 = 0. What is the greatest common divisor of u and w?
23
Let x(f) = f**3 + 52*f**2 - 72*f + 49. Let v be x(-53). What is the greatest common factor of 33 and v?
33
Let x(n) = -16 + 21*n - 14*n**2 + 13*n**2 - 18. Let c be x(15). What is the greatest common divisor of c and 196?
28
Let j(q) = -27*q + 15. Let m = 36 - 42. Let u(p) = 28*p - 16. Let s(l) = m*j(l) - 5*u(l). Let o be s(2). Calculate the greatest common factor of o and 51.
17
Let z be -1 + 15/10*32/12. Suppose -80 = -18*t + 14*t + 3*b, 89 = z*t + 5*b. What is the highest common factor of t and 621?
23
Suppose 876 + 582 = 13*m - 401. Calculate the highest common divisor of 11583 and m.
143
Suppose -94*j - 770 = -105*j. Suppose 2*y - 6*y - 128 = 0. Let x = 67 + y. Calculate the highest common factor of x and j.
35
Suppose 8138 + 10614 + 4978 = 113*c. Calculate the greatest common divisor of c and 7455.
105
Let x = 7888 - 7808. Let r be 1/(-3)*-3 - -1. Suppose r*c + 0*c = 40. Calculate the greatest common factor of x and c.
20
Let f(y) = -77*y - 1. Let t be f(-2). Let c(b) = 6 - 7*b**2 - 19 - 396*b + 186*b + 163*b. Let w be c(-6). Calculate the greatest common factor of w and t.
17
Suppose -40*x - 8*x - 437 + 5669 = 0. What is the highest common divisor of 5 and x?
1
Let u(z) = -42*z**3 + 4*z**2 + 5*z + 23. Let f be u(-4). What is the greatest common divisor of f and 580?
145
Suppose -34*d + 46 + 13 = -9. Suppose -3*v = -8 - 1. Suppose -2*h - d*q = -v*q - 38, 5*h + 5*q - 110 = 0. Calculate the greatest common factor of h and 4.
4
Let g(v) = -v - 2*v + v + 16. Let x be g(4). Let r = 16 - 4. Calculate the highest common divisor of r and x.
4
Let s(t) = -t**2 + 185*t + 0*t**2 - 199*t - 13. Let a be s(-11). Suppose -51 = -2*b - 11. What is the highest common divisor of a and b?
20
Let s(v) = v**3 - v**2 + 4*v - 6. Let i be s(6). Let l(w) = -w**3 - 69*w**2 + 456*w. Let o be l(6). What is the highest common divisor of o and i?
18
Let f be -29 + 39 - (2 + 5). Let q be (-2)/13 + (-30)/(-26). Let n be q - (0 + -1) - -7. What is the highest common factor of n and f?
3
Suppose 3*s - 5*m = -31, 7*m = -4*s + 10*m - 23. Let n be s/11 - (-435)/33. What is the greatest common factor of 130 and n?
13
Suppose 5*d - 5*k - 3075 = 1875, 0 = 2*d + 2*k - 1956. What is the highest common factor of d and 240?
24
Let o = 21 - 21. Let v be 5 + o/1 + 0. Suppose -5*n + 6 = 26, v*d = 2*n + 433. What is the highest common factor of d and 17?
17
Let z be ((-287)/28)/((-3)/(-48)). Let w = -54 - z. Suppose -h + 6*n = 4*n - 16, 5*h - 53 = n. Calculate the highest common factor of w and h.
10
Suppose 5*y + 399 = 1799. Let b(u) = 218*u - 4790. Let q be b(23). What is the highest common factor of q and y?
56
Let c(f) = -79*f**2 + 2148*f - 9. Let s be c(27). Calculate the greatest common divisor of 3069 and s.
99
Let i(g) = -g**3 - 2*g**2 + 8*g + 19. Let q be i(-12). Calculate the highest common divisor of 188 and q.
47
Suppose -3*p - 49 = 4*g, -2*g + p = 17 + 10. Let c(k) = k**2 + 12*k + 3. Let n be c(g). Let v = -152 + 176. What is the greatest common factor of n and v?
8
Let l be (162/216)/(3/2520). Calculate the highest common divisor of 70 and l.
70
Let t be (2/1 + 2)/((-4)/(-8)). Let p(o) = o**3 - 5*o**2 - 18*o + 60. Let r be p(t). What is the greatest common divisor of r and 72?
36
Suppose 19*u - 203 + 93 = 137. Calculate the highest common divisor of u and 2002.
13
Let o be (-527)/(-136) - (-2 - (-30)/16). Suppose 2*j - o*j = -64. What is the highest common factor of 8 and j?
8
Suppose 34*v - 4786 = 2482 - 1046. What is the greatest common divisor of v and 183?
183
Suppose 39 = -7*z + 25. Let u be (21/1)/(7 - 8 - z). What is the greatest common factor of u and 49?
7
Let k be (0 - -474)/((-855)/(-38760)). What is the highest common divisor of k and 272?
272
Suppose -2*w + 7*w = 195. Suppose 0 = -18*k + 22 + 104 + 180. Suppose -k*r + 4*r = -w. Calculate the greatest common divisor of 2 and r.
1
Let a = 14914 - 14793. Let j = 4 + -4. Suppose 0 = p - j*p - 11. What is the highest common factor of a and p?
11
Let v = 102 - 186. Let g = 112 + v. What is the greatest common factor of 24 and g?
4
Suppose -46*t - 12*t = -198418. Calculate the highest common divisor of t and 22.
11
Let p be (-4)/16*-18*36. Let j be (81/2)/(-4*110/(-48) - 9). Calculate the greatest common factor of j and p.
81
Let j(l) = l**2 - 21. Let q be j(7). Calculate the highest common factor of 5012 and q.
28
Let h(f) = 2*f**2 + 3. Let q be h(2). Suppose 4*x + 5*d - 120 = 0, -4*x - 3*d + 2*d + 120 = 0. Let g = x + 14. Calculate the highest common factor of q and g.
11
Suppose -4*s = 4*h + 65872, h = 2*h - 4. Let i be s/(-14) + -3*44/231. What is the highest common factor of i and 24?
24
Suppose 2*o = -5*i + 764, 221 + 1747 = 5*o - 2*i. Suppose 4*z - 29 = -v, -4*z - 52 - 213 = -5*v. What is the greatest common divisor of o and v?
49
Suppose 4*k - 10 = -k. Suppose c - k = 11. Suppose -583 - 1237 = -28*v. Calculate the greatest common factor of v and c.
13
Suppose 156 - 134 = 11*n. Suppose -n*h - 1098 = -2*x + 2*h, 0 = -3*x + h + 1637. What is the greatest common factor of 5 and x?
5
Let g = 76 - 62. Suppose -5 = -9*a - g. Let o(n) = -35*n**3 - 2*n - 1. Let x be o(a). What is the greatest common factor of 12 and x?
12
Suppose -n + 203 = 2122. Let a be 18/144 - n/8. Let w(o) = -16*o - 34. Let h be w(-4). Calculate the highest common factor of h and a.
30
Suppose -11*w = -5*z - 15*w + 184, z - 39 = -3*w. Let d(l) = -l + 31. Let r be d(16). Let v = r - -3. What is the highest common divisor of z and v?
18
Suppose 0 = -0*x - 3*x - 2*b + 70, -4*x + 88 = 4*b. Suppose 0 = -v - l + 398 - 54, v - 332 = l. Calculate the greatest common factor of v and x.
26
Let a = -6494 - -7183. Calculate the highest common divisor of a and 13.
13
Let c = 6239 - -45463. What is the highest common factor of 42 and c?
42
Let f(n) = -39*n + 156. Let v be f(-6). What is the gre